it of 66567?
6
What is the units digit of 64394?
4
What is the hundreds digit of 5602?
6
What is the units digit of 26540?
0
What is the tens digit of 193?
9
What is the units digit of 17843?
3
What is the tens digit of 110150?
5
What is the tens digit of 58828?
2
What is the thousands digit of 108290?
8
What is the thousands digit of 1576?
1
What is the units digit of 88?
8
What is the tens digit of 9537?
3
What is the tens digit of 1077?
7
What is the units digit of 21988?
8
What is the units digit of 9945?
5
What is the hundreds digit of 686?
6
What is the units digit of 6257?
7
What is the tens digit of 611?
1
What is the tens digit of 1383?
8
What is the units digit of 4107?
7
What is the tens digit of 2439?
3
What is the hundreds digit of 161?
1
What is the hundreds digit of 1912?
9
What is the ten thousands digit of 43391?
4
What is the units digit of 8208?
8
What is the units digit of 4547?
7
What is the units digit of 3520?
0
What is the thousands digit of 93851?
3
What is the hundreds digit of 188766?
7
What is the thousands digit of 16228?
6
What is the hundreds digit of 10183?
1
What is the units digit of 68?
8
What is the thousands digit of 1232?
1
What is the units digit of 3555?
5
What is the tens digit of 3568?
6
What is the units digit of 39415?
5
What is the tens digit of 21896?
9
What is the tens digit of 8181?
8
What is the hundreds digit of 58936?
9
What is the units digit of 72477?
7
What is the ten thousands digit of 78969?
7
What is the hundreds digit of 20901?
9
What is the hundreds digit of 3086?
0
What is the tens digit of 6697?
9
What is the tens digit of 918?
1
What is the tens digit of 1813?
1
What is the units digit of 377?
7
What is the units digit of 6225?
5
What is the hundreds digit of 278?
2
What is the hundreds digit of 327?
3
What is the ten thousands digit of 138503?
3
What is the hundreds digit of 2564?
5
What is the tens digit of 3788?
8
What is the hundreds digit of 1735?
7
What is the thousands digit of 57649?
7
What is the hundred thousands digit of 145031?
1
What is the units digit of 929?
9
What is the thousands digit of 20300?
0
What is the tens digit of 17327?
2
What is the hundreds digit of 87591?
5
What is the thousands digit of 1353?
1
What is the hundreds digit of 2576?
5
What is the units digit of 127905?
5
What is the units digit of 545?
5
What is the units digit of 1795?
5
What is the units digit of 1482?
2
What is the thousands digit of 9931?
9
What is the tens digit of 10356?
5
What is the hundreds digit of 30550?
5
What is the units digit of 46145?
5
What is the ten thousands digit of 41524?
4
What is the hundreds digit of 52376?
3
What is the hundreds digit of 48811?
8
What is the hundreds digit of 1398?
3
What is the hundreds digit of 20848?
8
What is the hundreds digit of 1733?
7
What is the thousands digit of 13425?
3
What is the tens digit of 89903?
0
What is the thousands digit of 41867?
1
What is the units digit of 29790?
0
What is the thousands digit of 11135?
1
What is the units digit of 1247?
7
What is the ten thousands digit of 12921?
1
What is the tens digit of 148450?
5
What is the tens digit of 124?
2
What is the tens digit of 265?
6
What is the ten thousands digit of 14780?
1
What is the tens digit of 143?
4
What is the hundreds digit of 100258?
2
What is the ten thousands digit of 74883?
7
What is the units digit of 11281?
1
What is the hundreds digit of 27096?
0
What is the hundreds digit of 20673?
6
What is the thousands digit of 132063?
2
What is the hundreds digit of 3174?
1
What is the units digit of 4408?
8
What is the tens digit of 980?
8
What is the tens digit of 47224?
2
What is the units digit of 5?
5
What is the thousands digit of 1833?
1
What is the thousands digit of 5044?
5
What is the units digit of 64289?
9
What is the units digit of 3004?
4
What is the tens digit of 51414?
1
What is the hundreds digit of 20601?
6
What is the units digit of 402?
2
What is the hundreds digit of 139?
1
What is the hundreds digit of 34961?
9
What is the hundreds digit of 80437?
4
What is the ten thousands digit of 79332?
7
What is the units digit of 1218?
8
What is the tens digit of 3771?
7
What is the hundreds digit of 2602?
6
What is the units digit of 2575?
5
What is the thousands digit of 17434?
7
What is the thousands digit of 6937?
6
What is the tens digit of 513?
1
What is the hundreds digit of 20410?
4
What is the tens digit of 793?
9
What is the units digit of 904?
4
What is the hundreds digit of 25355?
3
What is the hundreds digit of 2704?
7
What is the tens digit of 356?
5
What is the ten thousands digit of 186877?
8
What is the tens digit of 1662?
6
What is the units digit of 1020?
0
What is the ten thousands digit of 146190?
4
What is the hundreds digit of 1143?
1
What is the tens digit of 2661?
6
What is the tens digit of 1400?
0
What is the tens digit of 19910?
1
What is the hundreds digit of 644?
6
What is the units digit of 769?
9
What is the hundreds digit of 75117?
1
What is the thousands digit of 9797?
9
What is the units digit of 35?
5
What is the units digit of 377?
7
What is the thousands digit of 1905?
1
What is the thousands digit of 41317?
1
What is the hundreds digit of 79459?
4
What is the thousands digit of 3470?
3
What is the units digit of 5670?
0
What is the thousands digit of 100936?
0
What is the thousands digit of 22512?
2
What is the hundreds digit of 77503?
5
What is the ten thousands digit of 79562?
7
What is the tens digit of 8847?
4
What is the units digit of 308?
8
What is the tens digit of 9766?
6
What is the units digit of 12255?
5
What is the tens digit of 1036?
3
What is the tens digit of 4580?
8
What is the hundreds digit of 526?
5
What is the tens digit of 4895?
9
What is the ten thousands digit of 17402?
1
What is the tens digit of 623?
2
What is the hundreds digit of 433?
4
What is the tens digit of 8800?
0
What is the units digit of 864?
4
What is the hundreds digit of 447?
4
What is the tens digit of 7515?
1
What is the tens digit of 9083?
8
What is the ten thousands digit of 14506?
1
What is the hundreds digit of 734?
7
What is the tens digit of 55957?
5
What is the thousands digit of 10750?
0
What is the ten thousands digit of 53380?
5
What is the thousands digit of 1128?
1
What is the units digit of 17050?
0
What is the units digit of 7596?
6
What is the units digit of 57504?
4
What is the units digit of 88001?
1
What is the units digit of 81?
1
What is the hundreds digit of 30204?
2
What is the tens digit of 110245?
4
What is the ten thousands digit of 12256?
1
What is the units digit of 478?
8
What is the tens digit of 40720?
2
What is the thousands digit of 7856?
7
What is the units digit of 907?
7
What is the thousands digit of 22891?
2
What is the tens digit of 116?
1
What is the tens digit of 4582?
8
What is the thousands digit of 16640?
6
What is the thousands digit of 18693?
8
What is the units digit of 8883?
3
What is the hundreds digit of 9595?
5
What is the tens digit of 1449?
4
What is the units digit of 713?
3
What is the tens digit of 6030?
3
What is the hundreds digit of 23443?
4
What is the thousands digit of 42826?
2
What is the tens digit of 154713?
1
What is the hundreds digit of 159?
1
What is the units digit of 819?
9
What is the thousands digit of 25147?
5
What is the ten thousands digit of 16001?
1
What is the thousands digit of 2105?
2
What is the units digit of 12813?
3
What is the units digit of 55229?
9
What is the hundreds digit of 162?
1
What is the tens digit of 32388?
8
What is the ten thousands digit of 78439?
7
What is the tens digit of 678?
7
What is the tens digit of 973?
7
What is the tens digit of 1856?
5
What is the hundreds digit of 5638?
6
What is the ten thousands digit of 11623?
1
What is the hundreds digit of 4566?
5
What is the units digit of 11393?
3
What is the tens digit of 100?
0
What is the units digit of 1196?
6
What is the units digit of 5716?
6
What is the thousands digit of 2534?
2
What is the thousands digit of 30713?
0
What is the units digit of 741?
1
What is the ten thousands digit of 54872?
5
What is the thousands digit of 37376?
7
What is the tens digit of 54796?
9
What is the tens digit of 41670?
7
What is the thousands digit of 5429?
5
What is the tens digi